{"id":2,"date":"2025-10-28T21:06:28","date_gmt":"2025-10-29T00:06:28","guid":{"rendered":"http:\/\/trattoimplementos.com.br\/?page_id=2"},"modified":"2025-10-30T09:21:24","modified_gmt":"2025-10-30T12:21:24","slug":"home","status":"publish","type":"page","link":"https:\/\/trattoimplementos.com.br\/","title":{"rendered":"HOME"},"content":{"rendered":"\n<h3 class=\"wp-block-heading\"><strong>TRATTO IMPLEMENTOS<\/strong><\/h3>\n\n\n\n<div class=\"wp-block-cover alignfull wp-duotone-unset-1\" style=\"margin-top:0;padding-top:48px;padding-right:48px;padding-bottom:48px;padding-left:48px;min-height:77px;aspect-ratio:unset;\"><img loading=\"lazy\" decoding=\"async\" width=\"1024\" height=\"576\" class=\"wp-block-cover__image-background wp-image-41 size-large\" alt=\"\" src=\"http:\/\/trattoimplementos.com.br\/wp-content\/uploads\/2025\/10\/Proposta-AREA-1024x576.jpg\" data-object-fit=\"cover\" srcset=\"https:\/\/trattoimplementos.com.br\/wp-content\/uploads\/2025\/10\/Proposta-AREA-1024x576.jpg 1024w, https:\/\/trattoimplementos.com.br\/wp-content\/uploads\/2025\/10\/Proposta-AREA-300x169.jpg 300w, https:\/\/trattoimplementos.com.br\/wp-content\/uploads\/2025\/10\/Proposta-AREA-768x432.jpg 768w, https:\/\/trattoimplementos.com.br\/wp-content\/uploads\/2025\/10\/Proposta-AREA-1536x864.jpg 1536w, https:\/\/trattoimplementos.com.br\/wp-content\/uploads\/2025\/10\/Proposta-AREA-2048x1152.jpg 2048w\" sizes=\"auto, (max-width: 1024px) 100vw, 1024px\" \/><span aria-hidden=\"true\" class=\"wp-block-cover__background has-background-dim-30 has-background-dim\" style=\"background-color:#767165\"><\/span><div class=\"wp-block-cover__inner-container is-layout-flow wp-block-cover-is-layout-flow\">\n<div class=\"wp-block-group is-layout-constrained wp-container-core-group-is-layout-4582f6a7 wp-block-group-is-layout-constrained\">\n<p class=\"has-text-align-center\"><strong>SOLU\u00c7\u00d5ES QUE MOVEM O TRANSPORTE COM FOR\u00c7A, INOVA\u00c7\u00c3O E CONFIAN\u00c7A.<\/strong><\/p>\n<\/div>\n<\/div><\/div>\n\n\n\n<p><\/p>\n\n\n\n<p>A <strong>TRATTO IMPLEMENTOS<\/strong> nasce com o prop\u00f3sito de oferecer solu\u00e7\u00f5es completas e inteligentes para o transporte rodovi\u00e1rio. Unindo experi\u00eancia, tecnologia e compromisso com a qualidade, atuamos com implementos que entregam robustez, efici\u00eancia e seguran\u00e7a em cada detalhe.<\/p>\n\n\n\n<p>Constru\u00edmos parcerias duradouras. Nosso foco est\u00e1 em entender as necessidades de cada cliente, oferecendo implementos sob medida que elevam o desempenho e reduzem custos operacionais.<\/p>\n\n\n\n<p>Com uma equipe experiente e um olhar voltado para a inova\u00e7\u00e3o, a <strong>TRATTO IMPLEMENTOS<\/strong> se consolida como uma marca que carrega em seu <strong>DNA<\/strong> a for\u00e7a da ind\u00fastria nacional e a confian\u00e7a de quem vive o transporte no dia a dia.<\/p>\n\n\n\n<div class=\"wp-block-buttons is-layout-flex wp-block-buttons-is-layout-flex\"><\/div>\n\n\n\n<p><\/p>\n","protected":false},"excerpt":{"rendered":"<p>TRATTO IMPLEMENTOS A TRATTO IMPLEMENTOS nasce com o prop\u00f3sito de oferecer solu\u00e7\u00f5es completas e inteligentes para o transporte rodovi\u00e1rio. Unindo [&hellip;]<\/p>\n","protected":false},"author":1,"featured_media":0,"parent":0,"menu_order":0,"comment_status":"closed","ping_status":"closed","template":"","meta":{"site-sidebar-layout":"default","site-content-layout":"","ast-site-content-layout":"default","site-content-style":"default","site-sidebar-style":"default","ast-global-header-display":"","ast-banner-title-visibility":"","ast-main-header-display":"","ast-hfb-above-header-display":"","ast-hfb-below-header-display":"","ast-hfb-mobile-header-display":"","site-post-title":"disabled","ast-breadcrumbs-content":"","ast-featured-img":"","footer-sml-layout":"","theme-transparent-header-meta":"","adv-header-id-meta":"","stick-header-meta":"","header-above-stick-meta":"","header-main-stick-meta":"","header-below-stick-meta":"","astra-migrate-meta-layouts":"default","ast-page-background-enabled":"default","ast-page-background-meta":{"desktop":{"background-color":"var(--ast-global-color-5)","background-image":"","background-repeat":"repeat","background-position":"center center","background-size":"auto","background-attachment":"scroll","background-type":"","background-media":"","overlay-type":"","overlay-color":"","overlay-opacity":"","overlay-gradient":""},"tablet":{"background-color":"","background-image":"","background-repeat":"repeat","background-position":"center center","background-size":"auto","background-attachment":"scroll","background-type":"","background-media":"","overlay-type":"","overlay-color":"","overlay-opacity":"","overlay-gradient":""},"mobile":{"background-color":"","background-image":"","background-repeat":"repeat","background-position":"center center","background-size":"auto","background-attachment":"scroll","background-type":"","background-media":"","overlay-type":"","overlay-color":"","overlay-opacity":"","overlay-gradient":""}},"ast-content-background-meta":{"desktop":{"background-color":"var(--ast-global-color-4)","background-image":"","background-repeat":"repeat","background-position":"center center","background-size":"auto","background-attachment":"scroll","background-type":"","background-media":"","overlay-type":"","overlay-color":"","overlay-opacity":"","overlay-gradient":""},"tablet":{"background-color":"var(--ast-global-color-4)","background-image":"","background-repeat":"repeat","background-position":"center center","background-size":"auto","background-attachment":"scroll","background-type":"","background-media":"","overlay-type":"","overlay-color":"","overlay-opacity":"","overlay-gradient":""},"mobile":{"background-color":"var(--ast-global-color-4)","background-image":"","background-repeat":"repeat","background-position":"center center","background-size":"auto","background-attachment":"scroll","background-type":"","background-media":"","overlay-type":"","overlay-color":"","overlay-opacity":"","overlay-gradient":""}},"footnotes":""},"class_list":["post-2","page","type-page","status-publish","hentry"],"_links":{"self":[{"href":"https:\/\/trattoimplementos.com.br\/index.php?rest_route=\/wp\/v2\/pages\/2","targetHints":{"allow":["GET"]}}],"collection":[{"href":"https:\/\/trattoimplementos.com.br\/index.php?rest_route=\/wp\/v2\/pages"}],"about":[{"href":"https:\/\/trattoimplementos.com.br\/index.php?rest_route=\/wp\/v2\/types\/page"}],"author":[{"embeddable":true,"href":"https:\/\/trattoimplementos.com.br\/index.php?rest_route=\/wp\/v2\/users\/1"}],"replies":[{"embeddable":true,"href":"https:\/\/trattoimplementos.com.br\/index.php?rest_route=%2Fwp%2Fv2%2Fcomments&post=2"}],"version-history":[{"count":20,"href":"https:\/\/trattoimplementos.com.br\/index.php?rest_route=\/wp\/v2\/pages\/2\/revisions"}],"predecessor-version":[{"id":75,"href":"https:\/\/trattoimplementos.com.br\/index.php?rest_route=\/wp\/v2\/pages\/2\/revisions\/75"}],"wp:attachment":[{"href":"https:\/\/trattoimplementos.com.br\/index.php?rest_route=%2Fwp%2Fv2%2Fmedia&parent=2"}],"curies":[{"name":"wp","href":"https:\/\/api.w.org\/{rel}","templated":true}]}}